w?
True
Let z = -36 + 38. Suppose -z*l - 5*a + 44 = 0, 44 = l + l + 3*a. Does 4 divide l?
False
Suppose -3*s + x = -359, 585 = 10*s - 5*s - 5*x. Is 2 a factor of s?
False
Suppose -3*d + 3*n = -639, -5*n + 198 = d - 3*n. Does 52 divide d?
True
Suppose 2*i - 2*f = 168, 2*i + 0*i - 4*f - 168 = 0. Let k = i + -45. Does 19 divide k?
False
Let g(p) = 2360*p**3 + 4*p**2 + 4*p - 5. Does 19 divide g(1)?
False
Suppose 4*o - 8*s - 603 = -3*s, 5*o = -s + 732. Is o a multiple of 7?
True
Suppose -901 = -13*w - 43. Does 6 divide w?
True
Let l = -16 + 2. Does 23 divide ((-21)/l)/(6/92)?
True
Let r = 40 - -24. Does 14 divide r?
False
Let d be (174/30 + (-1)/(-5))*-23. Let w = 210 + d. Is 52 a factor of w?
False
Let x(u) = u**3 - 16*u**2 - 15*u + 10. Let s(m) = m**2 + 1. Let w be s(-4). Let l be x(w). Suppose -d + 35 = 6*b - 3*b, 4*b = -2*d + l. Does 5 divide b?
False
Let a = 46 - 44. Suppose 2*k - 5*c = 73, 5*c = k + a*c - 37. Is 17 a factor of k?
True
Is 86 a factor of 1200 + (-7 - -3) + 1?
False
Let s = -54 + 52. Is s/(-5 + (-195)/(-40)) a multiple of 16?
True
Let x be 185/(-35) + 5 - 1866/(-14). Suppose -4*z - n = -2*n - 109, x = 5*z + 2*n. Is z a multiple of 14?
False
Suppose 6*o = 434 + 586. Is o a multiple of 4?
False
Suppose 2*o = -3*v + 6, -v + 4*o = v - 20. Let m = -121 + 173. Does 24 divide v/(16/m)*5?
False
Suppose 0 = 5*o - 4*o. Suppose o = -4*s + 9 + 3. Suppose -s*q = -4*k + 19, 2*k - 2*q = -3*k + 22. Is 2 a factor of k?
True
Let z(a) = a**3 - 12*a**2 + 3*a - 14. Let x(w) = w**2 + 1. Let f(j) = -5*x(j) - z(j). Is f(4) a multiple of 17?
False
Let u be 66/(-4) - (-10)/(-20). Let f(k) = k**3 + 17*k**2 - 7*k - 10. Is 39 a factor of f(u)?
False
Suppose 3*t = 2*q + 3*q + 375, 4*t - 3*q = 489. Is 12 a factor of t?
True
Let j(q) = 8*q - 27. Let o be j(4). Suppose 5*t + 0*t = -2*c + 320, -o*t = 4*c - 660. Does 34 divide c?
True
Let o be ((-5)/(-10))/(1/4). Let f(l) = 8*l**3 - 2*l**3 + 5*l - 10*l**o + 11 - 5*l**3. Is 17 a factor of f(10)?
False
Suppose 32 = -0*k + 4*k. Let u = 26 + 234. Suppose -3*g = -k*g + u. Does 17 divide g?
False
Is 4/(-16) - 2*10662/(-48) a multiple of 41?
False
Let c(h) = -h**2 - 13*h. Let v be c(-13). Suppose 4*d - i + 2*i - 44 = 0, v = i. Does 6 divide d?
False
Let k be 1 + 3 + (3 - 5). Let l be (k + 38/(-8))*-40. Suppose -28 = -2*d + l. Is 20 a factor of d?
False
Let n(d) = d**3 + 31*d**2 + 8*d - 20. Does 26 divide n(-9)?
True
Let r be 4/(-20) - (-36)/(-20). Let h be (r + 21/9)*-9. Let c(n) = -4*n + 2. Is 14 a factor of c(h)?
True
Let x(a) = a**3 - 1. Let i be x(1). Let m(n) be the first derivative of -n**4/4 + n**2/2 + 9*n - 76. Is m(i) a multiple of 3?
True
Suppose 242 = 5*y + 17. Let b = -41 + y. Is b even?
True
Does 44 divide ((-3784)/12)/((-102)/18 + 5)?
False
Let n(z) = 121*z**2 - 11*z + 148. Is 15 a factor of n(7)?
True
Let x(z) = -4 + 8 + 1 + 11*z - 4. Let o(h) = -22*h - 2. Let b(q) = -6*o(q) - 11*x(q). Does 11 divide b(1)?
False
Let p(x) = x + 21. Suppose 4*m - 3 = 4*w + 37, -3*m - 15 = 0. Does 2 divide p(w)?
True
Suppose 1316 = 63*u - 16*u. Is 7 a factor of u?
True
Let b(l) = -l**2 - 16*l - 14. Let a be b(-7). Let f = a + -21. Is 3 a factor of f?
False
Let p = -2 - -202. Suppose 4*w - p = -2*z, -5*z - 21 - 7 = -w. Is 15 a factor of w?
False
Suppose 19*s - 25*s + 1692 = 0. Is s a multiple of 27?
False
Let o be 45/6*(3/9 + 1). Suppose -5*q + o*q = 300. Does 20 divide q?
True
Let j be -21 + 18 - 4/(-1). Let x(a) = -3*a**3 + 19*a**3 - 2*a**2 + 1 - 3*a**3. Is 2 a factor of x(j)?
True
Is 14 a factor of 1/((-3)/21) - -1225?
True
Let c(l) = -l**2 - 4*l + 23. Let m be c(-7). Suppose -13*v = -m*v - 396. Is 6 a factor of v?
True
Is 5 a factor of 34*(18/12)/(9/15)?
True
Does 11 divide 1364/(-2)*29/(-58)?
True
Let a be 6/27 - 32/(-18). Let v(y) = -11*y**3 - 6*y + 23*y**2 + 8*y + 1 - 21*y**a. Is v(-1) a multiple of 12?
True
Is 14 a factor of 734994/972 - (0 + (-1)/(-6))?
True
Let q = 1193 - 769. Is 19 a factor of q?
False
Let k(d) = -75*d - 18. Is 11 a factor of k(-2)?
True
Suppose l - 3*a - 13 = -0*a, -5*l = -2*a - 13. Let m(p) = -5*p**3 - 2*p**2 + 2*p - 1. Let c be m(l). Is (28/c)/((-3)/18) a multiple of 6?
False
Let c be 3 + (2 - (-2 - 6)). Let f = 5 - c. Let i(t) = -t**3 - 8*t**2 - 2*t - 6. Is 8 a factor of i(f)?
False
Let m be (12/(-3))/(-4)*-2. Let b be 5 - ((-6)/m + 0). Suppose 0 = -v - b*v + 42. Is v a multiple of 7?
True
Suppose 7540 - 65452 = -24*x. Is 46 a factor of x?
False
Suppose 6*i - 16 = 8*i. Let r(h) = h**2 + 4*h + 1. Does 12 divide r(i)?
False
Let s = 3 + 0. Let j be (8/s)/((-2)/(-3)). Suppose 0*x - j*x = -184. Is x a multiple of 22?
False
Let v(j) = 9*j - 8. Let w(l) = -7*l**3 - l**2 - 2*l - 1. Let u = 6 - 7. Let b be w(u). Does 14 divide v(b)?
False
Let a be 6/18*(11 + 1). Suppose y - a = 2. Is 22 a factor of -1 + 63 + (10 - y)?
True
Let a(m) be the first derivative of -m**4/4 + 10*m**3/3 + 4*m**2 + 11*m + 20. Is a(8) a multiple of 12?
False
Suppose r = -4*i - 145, 218 = -2*r + 3*i - 61. Suppose 0*f - f = 93. Let y = f - r. Is 16 a factor of y?
True
Let b = -136 - -131. Does 3 divide 20 + 10/(-2) - b?
False
Let f be 39*(-3*8/12 - -3). Suppose -44*v + 610 = -f*v. Is v a multiple of 48?
False
Does 2 divide ((-488)/12*-1)/(12/54)?
False
Let f be (-535)/(-15) + (-2)/3. Let n be ((-94)/(-5))/((-7)/f). Let g = 144 + n. Is 15 a factor of g?
False
Suppose 0 = 2*d + v + 43, v = -5*d + 8 - 120. Let u = 40 + d. Is 17 a factor of u?
True
Suppose -12*k + 112 = -140. Is 4 a factor of k?
False
Let x be (4/6)/((-2)/(-21)). Suppose u = x*u. Suppose -2*m + 4 = 0, 4*z + u*m = -3*m + 130. Is z a multiple of 17?
False
Let u(o) = o**2 + 9*o - 11. Let b = -4 - 2. Let p be u(b). Let t = -17 - p. Is t a multiple of 3?
True
Let g be 3 + -5 + -1 + -2 + 6. Is 3 a factor of ((-1)/g)/(1 + 45/(-42))?
False
Let a(m) = 2*m**2 + 52*m - 735. Is 4 a factor of a(-46)?
False
Does 10 divide 3 + (-29132)/(-20) + (-4)/(-10)?
True
Suppose 297 = z - 109. Is z a multiple of 10?
False
Suppose 4*m + 4*k - 9200 = 0, -4*m + 9164 = -40*k + 35*k. Is m a multiple of 37?
False
Suppose z - 6*z - 75 = 0. Let s = z - -20. Suppose 3*v + 3*l - 183 = 2*l, -s*l + 135 = 2*v. Does 15 divide v?
True
Let w(f) = -f + 11. Let k be w(9). Suppose -3*n = -4*d + 6, 2 + 1 = -k*n + 3*d. Is 3 a factor of 1*5 + n + 4?
True
Let l(p) = p**3 + 9*p**2 + 9*p - 7. Let n(z) = z**2 - 8*z + 9. Let i be n(8). Suppose -u - i = -4. Is 16 a factor of l(u)?
True
Is 17 + -18 - (-3190 - -2) a multiple of 7?
False
Suppose -2*q - 4*f = -56, -2*f + 4 = -0*f. Suppose 3*p = -q - 57. Is 7 a factor of 245/9 + 6/p?
False
Let l = 18 + 46. Is 16 a factor of l?
True
Let d(y) = y**2 - 2*y - 1. Let p be d(-1). Suppose 0 = p*s - 0*s + 4. Does 25 divide s/10 - (-3208)/40?
False
Suppose 5*y = 8*y - 180. Suppose 0 = -r - 8 + y. Suppose -v + 5*z = -33 + 7, -2*v + r = 3*z. Is 26 a factor of v?
True
Let n be (3/2)/((-9)/228). Let l = -7 - -5. Let i = l - n. Does 18 divide i?
True
Let v = 10 - 2. Does 14 divide v/3*273/52?
True
Suppose -1158 = 7*s - 5869. Is 19 a factor of s?
False
Let m(k) = -k**3 + 8*k**2 + 9*k - 7. Let n be m(9). Let g = n - -8. Let h(o) = 33*o**3 + o - 1. Is 6 a factor of h(g)?
False
Let b = 16 - 14. Suppose -3*u = -b*u - 5. Suppose 0 = -u*h - 0*h + 250. Is 10 a factor of h?
True
Let f be (-3 + 2)/(2/(-10)). Suppose -3*g = o - 574, -2*o = -g - f*o + 194. Does 49 divide g?
False
Let x(f) = 51*f**2 + 5*f + 2. Let y be x(-1). Suppose 43*v - y*v + 470 = 0. Does 11 divide v?
False
Let h = -380 + 721. Is 31 a factor of h?
True
Suppose -5*z = -2*d + 4*d - 1090, -z = d - 542. Is 45 a factor of d?
True
Let i(y) = -y + 9. Let b be i(9). Let j(r) = r - 6. Let h be j(8). Suppose 3*k + h*k - 80 = b. Is 14 a factor of k?
False
Suppose 0 = -7*c + 3*c + 8. Let m(l) = -2 - 3*l**c + 8 + 5*l**2 - 8*l. Is m(6) a multiple of 10?
True
Suppose -v + 74 = h, 0 = -5*h + 5*v + 373 + 17. Does 38 divide h?
True
Let s(p) = -54*p - 4. Let y(j) = -378*j - 27. Let d(i) = 27*s(i) - 4*y(i). Does 18 divide d(2)?
True
Let r(a) = -a**3 - 4*a**2 - 5*a - 2. Let h be r(-3). Let l be (-3)/(1/(-1)) + 19. Let n = l - h. Is n a multiple of 14?
False
Let a(d) = -d**3 + 22*d**2 + 29*d - 58. Is a(23) a multiple of 10?
True
Suppose -3*o + 4*o = 0. Suppose 3*h - 22 = 2*p, o = 4*h + 3*p - 2*p - 44. Is 8 a factor of h?
False
Let k(q) be the second